{"id":78,"date":"2023-07-28T16:51:46","date_gmt":"2023-07-28T14:51:46","guid":{"rendered":"http:\/\/fabien-emprin.ovh\/?page_id=78"},"modified":"2024-06-06T09:38:17","modified_gmt":"2024-06-06T07:38:17","slug":"apps","status":"publish","type":"page","link":"https:\/\/fabien-emprin.ovh\/index.php\/apps\/","title":{"rendered":"Apps"},"content":{"rendered":"<div data-colibri-id=\"78-c1\" class=\"style-354 style-local-78-c1 position-relative\">\r\n  <!---->\r\n  <div data-colibri-component=\"section\" data-colibri-id=\"78-c2\" id=\"about\" class=\"h-section h-section-global-spacing d-flex align-items-lg-center align-items-md-center align-items-center style-355 style-local-78-c2 position-relative\">\r\n    <!---->\r\n    <!---->\r\n    <div class=\"h-section-grid-container h-section-boxed-container\">\r\n      <!---->\r\n      <div data-colibri-id=\"78-c3\" class=\"h-row-container gutters-row-lg-0 gutters-row-md-0 gutters-row-0 gutters-row-v-lg-0 gutters-row-v-md-0 gutters-row-v-0 style-356 style-local-78-c3 position-relative\">\r\n        <!---->\r\n        <div class=\"h-row justify-content-lg-center justify-content-md-center justify-content-center align-items-lg-stretch align-items-md-stretch align-items-stretch gutters-col-lg-0 gutters-col-md-0 gutters-col-0 gutters-col-v-lg-0 gutters-col-v-md-0 gutters-col-v-0\">\r\n          <!---->\r\n          <div class=\"h-column h-column-container d-flex h-col-lg-auto h-col-md-auto h-col-auto style-357-outer style-local-78-c4-outer\">\r\n            <div data-colibri-id=\"78-c4\" class=\"d-flex h-flex-basis h-column__inner h-px-lg-0 h-px-md-0 h-px-0 v-inner-lg-0 v-inner-md-0 v-inner-0 style-357 style-local-78-c4 position-relative\">\r\n              <!---->\r\n              <!---->\r\n              <div class=\"w-100 h-y-container h-column__content h-column__v-align flex-basis-100 align-self-lg-start align-self-md-start align-self-start\">\r\n                <!---->\r\n                <div data-colibri-id=\"78-c5\" class=\"h-global-transition-all h-heading style-358 style-local-78-c5 position-relative h-element\">\r\n                  <!---->\r\n                  <div class=\"h-heading__outer style-358 style-local-78-c5\">\r\n                    <!---->\r\n                    <!---->\r\n                    <h5 class=\"\">App Android<\/h5>\r\n                  <\/div>\r\n                <\/div>\r\n                <div data-colibri-id=\"78-c6\" class=\"h-global-transition-all h-heading style-359 style-local-78-c6 position-relative h-element\">\r\n                  <!---->\r\n                  <div class=\"h-heading__outer style-359 style-local-78-c6\">\r\n                    <!---->\r\n                    <!---->\r\n                    <h2 class=\"\">Le jeu du grand esquimau<\/h2>\r\n                  <\/div>\r\n                <\/div>\r\n                <div data-colibri-id=\"78-c7\" class=\"h-text h-text-component style-360 style-local-78-c7 position-relative h-element\">\r\n                  <!---->\r\n                  <!---->\r\n                  <div class=\"\">\r\n                    <p>Devenez grand esquimau en comprenant comment le grand esquimau parvient \u00e0 lire la banquise.<\/p>\r\n                  <\/div>\r\n                <\/div>\r\n                <div data-colibri-id=\"78-c23\" class=\"h-x-container style-376 style-local-78-c23 position-relative h-element\">\r\n                  <!---->\r\n                  <div class=\"h-x-container-inner style-dynamic-78-c23-group style-376-spacing style-local-78-c23-spacing\"><span class=\"h-link__outer style-377-outer style-local-78-c24-outer d-inline-flex h-element\"><a h-use-smooth-scroll=\"true\" href=\"..\/..\/Grandesquimau.apk\"  data-colibri-id=\"78-c24\" class=\"d-flex w-100 align-items-center h-link style-377 style-local-78-c24 position-relative\"><!----><!----> <span>T\u00e9l\u00e9chargez l&#8217;app<\/span><\/a>\r\n                    <\/span>\r\n                  <\/div>\r\n                <\/div>\r\n              <\/div>\r\n            <\/div>\r\n          <\/div>\r\n          <div class=\"h-column h-column-container d-flex h-col-lg-auto h-col-md-auto h-col-auto style-361-outer style-local-78-c8-outer\">\r\n            <div data-colibri-id=\"78-c8\" class=\"d-flex h-flex-basis h-column__inner h-ui-empty-state-container h-px-lg-2 h-px-md-2 h-px-2 v-inner-lg-2 v-inner-md-2 v-inner-2 style-361 style-local-78-c8 position-relative\">\r\n              <!---->\r\n              <!---->\r\n              <div class=\"w-100 h-y-container h-column__content h-column__v-align flex-basis-100\">\r\n                <!---->\r\n              <\/div>\r\n            <\/div>\r\n          <\/div>\r\n        <\/div>\r\n      <\/div>\r\n    <\/div>\r\n  <\/div>\r\n  <div data-colibri-component=\"section\" data-colibri-id=\"78-c9\" id=\"about-2\" class=\"h-section h-section-global-spacing d-flex align-items-lg-center align-items-md-center align-items-center style-362 style-local-78-c9 position-relative\">\r\n    <!---->\r\n    <!---->\r\n    <div class=\"h-section-grid-container h-section-boxed-container\">\r\n      <!---->\r\n      <div data-colibri-id=\"78-c10\" class=\"h-row-container gutters-row-lg-0 gutters-row-md-0 gutters-row-0 gutters-row-v-lg-0 gutters-row-v-md-0 gutters-row-v-0 style-363 style-local-78-c10 position-relative\">\r\n        <!---->\r\n        <div class=\"h-row justify-content-lg-center justify-content-md-center justify-content-center align-items-lg-stretch align-items-md-stretch align-items-stretch gutters-col-lg-0 gutters-col-md-0 gutters-col-0 gutters-col-v-lg-0 gutters-col-v-md-0 gutters-col-v-0\">\r\n          <!---->\r\n          <div class=\"h-column h-column-container d-flex h-col-lg-auto h-col-md-auto h-col-auto style-364-outer style-local-78-c11-outer\">\r\n            <div data-colibri-id=\"78-c11\" class=\"d-flex h-flex-basis h-column__inner h-ui-empty-state-container h-px-lg-0 h-px-md-0 h-px-0 v-inner-lg-0 v-inner-md-0 v-inner-0 style-364 style-local-78-c11 position-relative\">\r\n              <!---->\r\n              <!---->\r\n              <div class=\"w-100 h-y-container h-column__content h-column__v-align flex-basis-100\">\r\n                <!---->\r\n              <\/div>\r\n            <\/div>\r\n          <\/div>\r\n          <div class=\"h-column h-column-container d-flex h-col-lg-auto h-col-md-auto h-col-auto style-365-outer style-local-78-c12-outer\">\r\n            <div data-colibri-id=\"78-c12\" class=\"d-flex h-flex-basis h-column__inner h-px-lg-2 h-px-md-2 h-px-2 v-inner-lg-2 v-inner-md-2 v-inner-2 style-365 style-local-78-c12 position-relative\">\r\n              <!---->\r\n              <!---->\r\n              <div class=\"w-100 h-y-container h-column__content h-column__v-align flex-basis-100 align-self-lg-start align-self-md-start align-self-start\">\r\n                <!---->\r\n                <div data-colibri-id=\"78-c13\" class=\"h-global-transition-all h-heading style-366 style-local-78-c13 position-relative h-element\">\r\n                  <!---->\r\n                  <div class=\"h-heading__outer style-366 style-local-78-c13\">\r\n                    <!---->\r\n                    <!---->\r\n                    <h5 class=\"\">App Android<\/h5>\r\n                  <\/div>\r\n                <\/div>\r\n                <div data-colibri-id=\"78-c14\" class=\"h-global-transition-all h-heading style-367 style-local-78-c14 position-relative h-element\">\r\n                  <!---->\r\n                  <div class=\"h-heading__outer style-367 style-local-78-c14\">\r\n                    <!---->\r\n                    <!---->\r\n                    <h2 class=\"\">Calculatrice bizzare<\/h2>\r\n                  <\/div>\r\n                <\/div>\r\n                <div data-colibri-id=\"78-c15\" class=\"h-text h-text-component style-368 style-local-78-c15 position-relative h-element\">\r\n                  <!---->\r\n                  <!---->\r\n                  <div class=\"\">\r\n                    <p>Comprenez comment la calculatrice fonctionne en essayant de r\u00e9aliser des calculs.<\/p>\r\n                  <\/div>\r\n                <\/div>\r\n                <div data-colibri-id=\"78-c25\" class=\"h-x-container style-378 style-local-78-c25 position-relative h-element\">\r\n                  <!---->\r\n                  <div class=\"h-x-container-inner style-dynamic-78-c25-group style-378-spacing style-local-78-c25-spacing\"><span class=\"h-link__outer style-379-outer style-local-78-c26-outer d-inline-flex h-element\"><a h-use-smooth-scroll=\"true\" href=\"..\/..\/Calculette.apk\"  data-colibri-id=\"78-c26\" class=\"d-flex w-100 align-items-center h-link style-379 style-local-78-c26 position-relative\"><!----><!----> <span>T\u00e9l\u00e9chargez l&#8217;app<\/span><\/a>\r\n                    <\/span>\r\n                  <\/div>\r\n                <\/div>\r\n              <\/div>\r\n            <\/div>\r\n          <\/div>\r\n        <\/div>\r\n      <\/div>\r\n    <\/div>\r\n  <\/div>\r\n  <div data-colibri-component=\"section\" data-colibri-id=\"78-c16\" id=\"about-3\" class=\"h-section h-section-global-spacing d-flex align-items-lg-center align-items-md-center align-items-center style-369 style-local-78-c16 position-relative\">\r\n    <!---->\r\n    <!---->\r\n    <div class=\"h-section-grid-container h-section-boxed-container\">\r\n      <!---->\r\n      <div data-colibri-id=\"78-c17\" class=\"h-row-container gutters-row-lg-0 gutters-row-md-0 gutters-row-0 gutters-row-v-lg-0 gutters-row-v-md-0 gutters-row-v-0 style-370 style-local-78-c17 position-relative\">\r\n        <!---->\r\n        <div class=\"h-row justify-content-lg-center justify-content-md-center justify-content-center align-items-lg-stretch align-items-md-stretch align-items-stretch gutters-col-lg-0 gutters-col-md-0 gutters-col-0 gutters-col-v-lg-0 gutters-col-v-md-0 gutters-col-v-0\">\r\n          <!---->\r\n          <div class=\"h-column h-column-container d-flex h-col-lg-auto h-col-md-auto h-col-auto style-371-outer style-local-78-c18-outer\">\r\n            <div data-colibri-id=\"78-c18\" class=\"d-flex h-flex-basis h-column__inner h-px-lg-0 h-px-md-0 h-px-0 v-inner-lg-0 v-inner-md-0 v-inner-0 style-371 style-local-78-c18 position-relative\">\r\n              <!---->\r\n              <!---->\r\n              <div class=\"w-100 h-y-container h-column__content h-column__v-align flex-basis-100 align-self-lg-start align-self-md-start align-self-start\">\r\n                <!---->\r\n                <div data-colibri-id=\"78-c19\" class=\"h-global-transition-all h-heading style-372 style-local-78-c19 position-relative h-element\">\r\n                  <!---->\r\n                  <div class=\"h-heading__outer style-372 style-local-78-c19\">\r\n                    <!---->\r\n                    <!---->\r\n                    <h5 class=\"\">Apps pour Tiny Tap<\/h5>\r\n                  <\/div>\r\n                <\/div>\r\n                <div data-colibri-id=\"78-c20\" class=\"h-global-transition-all h-heading style-373 style-local-78-c20 position-relative h-element\">\r\n                  <!---->\r\n                  <div class=\"h-heading__outer style-373 style-local-78-c20\">\r\n                    <!---->\r\n                    <!---->\r\n                    <h2 class=\"\">Application pour Tiny Tap<\/h2>\r\n                  <\/div>\r\n                <\/div>\r\n                <div data-colibri-id=\"78-c21\" class=\"h-text h-text-component style-374 style-local-78-c21 position-relative h-element\">\r\n                  <!---->\r\n                  <!---->\r\n                  <div class=\"\">\r\n                    <p>Tiny Tap est une application gratuite pour smartphones (Android et IOS) ou utilisable en ligne. Vous trouverez de nombreux jeux gratuits pour cette application<\/p>\r\n                  <\/div>\r\n                <\/div>\r\n                <div data-colibri-id=\"78-c27\" class=\"h-x-container style-380 style-local-78-c27 position-relative h-element\">\r\n                  <!---->\r\n                  <div class=\"h-x-container-inner style-dynamic-78-c27-group style-380-spacing style-local-78-c27-spacing\"><span class=\"h-link__outer style-381-outer style-local-78-c28-outer d-inline-flex h-element\"><a h-use-smooth-scroll=\"true\" href=\"https:\/\/www.tinytap.com\/content\/fr-fr\/ages-5-6\/search\/Emprin\/\" target=\"_blank\" data-colibri-id=\"78-c28\" class=\"d-flex w-100 align-items-center h-link style-381 style-local-78-c28 position-relative\" rel=\"noopener\"><!----><!----> <span>Lien vers mes apps Tiny Tap<\/span><\/a>\r\n                    <\/span>\r\n                  <\/div>\r\n                <\/div>\r\n              <\/div>\r\n            <\/div>\r\n          <\/div>\r\n          <div class=\"h-column h-column-container d-flex h-col-lg-auto h-col-md-auto h-col-auto style-375-outer style-local-78-c22-outer\">\r\n            <div data-colibri-id=\"78-c22\" class=\"d-flex h-flex-basis h-column__inner h-ui-empty-state-container h-px-lg-2 h-px-md-2 h-px-2 v-inner-lg-2 v-inner-md-2 v-inner-2 style-375 style-local-78-c22 position-relative\">\r\n              <!---->\r\n              <!---->\r\n              <div class=\"w-100 h-y-container h-column__content h-column__v-align flex-basis-100\">\r\n                <!---->\r\n              <\/div>\r\n            <\/div>\r\n          <\/div>\r\n        <\/div>\r\n      <\/div>\r\n    <\/div>\r\n  <\/div>\r\n<\/div>","protected":false},"excerpt":{"rendered":"<p>App Android Le jeu du grand esquimau Devenez grand esquimau en comprenant comment le grand esquimau parvient \u00e0 lire la banquise. T\u00e9l\u00e9chargez l&#8217;app App Android Calculatrice bizzare Comprenez comment la calculatrice fonctionne en essayant de r\u00e9aliser des calculs. T\u00e9l\u00e9chargez l&#8217;app Apps pour Tiny Tap Application pour Tiny Tap Tiny Tap est une application gratuite pour [&hellip;]<\/p>\n","protected":false},"author":1,"featured_media":0,"parent":0,"menu_order":0,"comment_status":"closed","ping_status":"closed","template":"page-templates\/full-width-page.php","meta":{"footnotes":""},"class_list":["post-78","page","type-page","status-publish","hentry"],"_links":{"self":[{"href":"https:\/\/fabien-emprin.ovh\/index.php\/wp-json\/wp\/v2\/pages\/78","targetHints":{"allow":["GET"]}}],"collection":[{"href":"https:\/\/fabien-emprin.ovh\/index.php\/wp-json\/wp\/v2\/pages"}],"about":[{"href":"https:\/\/fabien-emprin.ovh\/index.php\/wp-json\/wp\/v2\/types\/page"}],"author":[{"embeddable":true,"href":"https:\/\/fabien-emprin.ovh\/index.php\/wp-json\/wp\/v2\/users\/1"}],"replies":[{"embeddable":true,"href":"https:\/\/fabien-emprin.ovh\/index.php\/wp-json\/wp\/v2\/comments?post=78"}],"version-history":[{"count":4,"href":"https:\/\/fabien-emprin.ovh\/index.php\/wp-json\/wp\/v2\/pages\/78\/revisions"}],"predecessor-version":[{"id":163,"href":"https:\/\/fabien-emprin.ovh\/index.php\/wp-json\/wp\/v2\/pages\/78\/revisions\/163"}],"wp:attachment":[{"href":"https:\/\/fabien-emprin.ovh\/index.php\/wp-json\/wp\/v2\/media?parent=78"}],"curies":[{"name":"wp","href":"https:\/\/api.w.org\/{rel}","templated":true}]}}